20881.
51
Calculate the highest common factor of 3286 and 49732804.
62
Calculate the highest common divisor of 420 and 849702.
42
What is the greatest common divisor of 10360 and 17920?
280
Calculate the greatest common factor of 585188 and 128.
4
What is the greatest common divisor of 39188 and 18413916?
404
What is the greatest common divisor of 298 and 13592674?
298
What is the greatest common factor of 5355337 and 1964?
491
What is the greatest common divisor of 1140 and 612823910?
190
Calculate the greatest common factor of 34959093 and 2301.
2301
Calculate the greatest common factor of 3849084 and 48.
12
Calculate the greatest common factor of 5664 and 1362782.
118
What is the greatest common factor of 504529 and 204767?
2111
Calculate the greatest common divisor of 641 and 11871961.
641
Calculate the highest common factor of 209 and 19825189.
19
What is the highest common factor of 41125 and 10115?
35
What is the highest common factor of 502306 and 1582?
14
Calculate the highest common divisor of 14 and 11516022.
14
Calculate the highest common divisor of 1560 and 4977480.
120
Calculate the greatest common divisor of 2703 and 7603698.
159
Calculate the greatest common factor of 45408 and 26796.
132
What is the greatest common divisor of 24013960 and 180?
20
What is the greatest common factor of 32481 and 520587?
81
What is the greatest common factor of 131700 and 15450?
150
Calculate the highest common factor of 297471 and 68847.
1299
Calculate the greatest common factor of 1961 and 9047573.
37
Calculate the greatest common divisor of 284 and 15311434.
142
Calculate the greatest common factor of 3640 and 31493.
7
Calculate the greatest common divisor of 232603 and 505.
101
What is the greatest common factor of 8778 and 10854624?
1254
Calculate the greatest common factor of 111863277 and 2853.
2853
What is the greatest common factor of 663 and 74558549?
221
Calculate the highest common factor of 3105 and 33326655.
345
Calculate the highest common factor of 2111 and 131441.
1
Calculate the highest common divisor of 28865032 and 76664.
2072
What is the highest common factor of 82248 and 15755856?
3576
Calculate the greatest common factor of 154850 and 810925.
4075
Calculate the highest common factor of 10188878 and 70.
14
What is the greatest common factor of 27747 and 12633?
3
Calculate the highest common divisor of 27606405 and 87.
87
What is the greatest common divisor of 3486 and 49181069?
581
What is the greatest common factor of 82095 and 6696005?
2105
What is the highest common divisor of 7488 and 68844?
12
What is the greatest common divisor of 7063134 and 13026?
78
What is the highest common factor of 82106 and 3842830?
1346
What is the greatest common factor of 3337 and 1148709?
71
Calculate the greatest common factor of 625 and 2268529375.
625
Calculate the highest common factor of 23111880 and 83160.
1320
Calculate the highest common divisor of 846320 and 2160.
80
What is the highest common divisor of 73062 and 30250?
22
What is the greatest common factor of 1429988 and 476?
28
What is the greatest common factor of 339 and 240660733?
113
What is the greatest common divisor of 44 and 10651201?
11
What is the greatest common divisor of 2873 and 35887?
17
What is the greatest common divisor of 10254 and 440939090?
3418
What is the highest common divisor of 158052 and 79428?
12
What is the highest common factor of 1645 and 204245?
5
Calculate the greatest common divisor of 72 and 1299144.
24
Calculate the highest common divisor of 1436730 and 785.
5
Calculate the highest common factor of 157 and 58305875.
157
What is the highest common divisor of 17968605 and 135?
15
Calculate the highest common factor of 353172 and 27930.
114
What is the highest common divisor of 4080 and 426241?
17
What is the greatest common divisor of 564704119 and 23?
23
What is the greatest common factor of 2503540 and 1040?
260
Calculate the highest common factor of 129 and 70031821.
43
What is the highest common factor of 18278 and 86866?
26
What is the highest common divisor of 172261161 and 81?
81
What is the greatest common divisor of 4234 and 1649362?
146
Calculate the greatest common factor of 47832 and 12896.
8
Calculate the highest common factor of 176 and 72710792.
88
What is the highest common divisor of 147 and 388815?
147
Calculate the greatest common factor of 438136950 and 885.
885
What is the greatest common divisor of 772423 and 43229?
139
Calculate the greatest common factor of 892 and 11384596.
892
What is the highest common divisor of 143962 and 411208?
98
Calculate the greatest common divisor of 9342 and 3995262.
3114
What is the greatest common divisor of 35342455 and 2830?
1415
Calculate the greatest common divisor of 6048 and 2636496.
432
Calculate the highest common divisor of 836 and 71806244.
76
What is the highest common factor of 17820 and 777150?
990
What is the greatest common divisor of 513 and 8155332?
171
What is the greatest common factor of 755 and 28949720?
755
What is the greatest common divisor of 120 and 20545092?
12
Calculate the greatest common factor of 217852032 and 2688.
384
Calculate the greatest common factor of 939437056 and 5120.
1024
Calculate the highest common divisor of 87408384 and 1136.
1136
What is the highest common divisor of 9036 and 4436174?
502
Calculate the greatest common divisor of 14226 and 164931502.
4742
What is the greatest common divisor of 56 and 2675992?
8
Calculate the greatest common divisor of 6696 and 615288.
744
What is the greatest common divisor of 496284390 and 63?
63
Calculate the highest common factor of 17290584 and 54.
54
Calculate the greatest common factor of 571 and 45383651.
571
What is the highest common divisor of 23532617 and 428?
107
Calculate the greatest common divisor of 7934 and 398.
2
Calculate the greatest common divisor of 3193 and 8776012.
103
What is the greatest common divisor of 17126 and 97?
1
What is the highest common factor of 153440 and 28384?
32
Calculate the highest common divisor of 24 and 33021156.
12
Calculate the greatest common divisor of 129 and 1672356.
129
What is the greatest common factor of 127023056 and 912?
304
What is the greatest common divisor of 4044 and 247668?
12
Calculate the highest common divisor of 31777732 and 35.
7
Calculate the greatest common divisor of 28500 and 9605260.
380
Calculate the greatest common divisor of 3097 and 124868.
19
What is the highest common divisor of 759 and 13145?
11
What is the highest common divisor of 237096994 and 17?
17
Calculate the greatest common factor of 1366500 and 11625.
375
What is the highest common factor of 293980 and 1460?
20
Calculate the highest common divisor of 30445105 and 17195.
905
Calculate the highest common divisor of 24727243 and 103819.
6107
What is the highest common divisor of 396873602 and 2346?
782
What is the highest common factor of 2195089 and 7163?
247
Calculate the highest common factor of 16 and 8545336.
8
Calculate the highest common factor of 39323900 and 525.
175
What is the greatest common divisor of 62112 and 34464?
96
What is the highest common divisor of 1864 and 1691272?
8
Calculate the greatest common divisor of 50 and 20586250.
50
What is the highest common factor of 3748623 and 5475?
219
What is the greatest common factor of 6 and 308683436?
2
Calculate the highest common factor of 5 and 867589.
1
Calculate the greatest common factor of 409 and 10407823.
409
What is the greatest common factor of 1127757 and 141?
3
Calculate the greatest common divisor of 80 and 109167720.
40
What is the highest common divisor of 23570592 and 36?
12
Calculate the highest common factor of 521889 and 984.
123
What is the highest common factor of 4451136 and 288?
96
What is the greatest common factor of 272 and 16190443?
17
What is the greatest common factor of 8302070 and 11858?
98
What is the greatest common factor of 46562007 and 141?
141
What is the greatest common divisor of 1208524 and 11206?
862
What is the highest common factor of 1032 and 43621608?
1032
Calculate the highest common divisor of 21080 and 28220.
340
Calculate the greatest common factor of 4201308 and 648.
324
Calculate the highest common divisor of 400568047 and 22.
11
Calculate the highest commo